{"id":526,"date":"2017-01-30T11:51:15","date_gmt":"2017-01-30T10:51:15","guid":{"rendered":"http:\/\/blog.senat.fr\/moocs\/?page_id=526"},"modified":"2017-02-24T12:26:27","modified_gmt":"2017-02-24T11:26:27","slug":"les-fondements-du-bicamerisme-a-la-francaise-22","status":"publish","type":"page","link":"https:\/\/blog.senat.fr\/moocs\/le-bicamerisme\/les-fondements-du-bicamerisme-a-la-francaise\/les-fondements-du-bicamerisme-a-la-francaise-22\/","title":{"rendered":"Les fondements du bicam\u00e9risme \u00ab\u00a0\u00e0 la fran\u00e7aise\u00a0\u00bb (2\/2)"},"content":{"rendered":"<div style=\"float: left; width: 70%; height: auto; padding: 0 20px;\"><iframe loading=\"lazy\" src=\"\/\/www.dailymotion.com\/embed\/video\/xeb1oa\" width=\"560\" height=\"315\" frameborder=\"0\" allowfullscreen=\"allowfullscreen\"><\/iframe><\/div>\n<div style=\"float: left; width: 30%; padding: 0 10px;\">\n<h3>M. Jean-Louis H\u00e9rin<\/h3>\n<h4>Secr\u00e9taire g\u00e9n\u00e9ral du S\u00e9nat<\/h4>\n<\/div>\n<div style=\"clear: both;\"><\/div>\n<p>&nbsp;<\/p>\n<hr style=\"width: 80%; color: #c9a96e;\" \/>\n<p>&nbsp;<\/p>\n<div style=\"float: left; width: 10%; height: auto; padding: 0 20px; text-align: left;\"><a href=\"http:\/\/blog.senat.fr\/moocs\/le-bicamerisme\/\"><img loading=\"lazy\" decoding=\"async\" class=\"alignleft wp-image-451 size-full\" title=\"Retour \u00e0 la page &quot;le bicam\u00e9risme&quot;\" src=\"http:\/\/blog.senat.fr\/moocs\/wp-content\/uploads\/sites\/4\/2017\/01\/previous-1.png\" alt=\"Retour \u00e0 la page &quot;le bicam\u00e9risme&quot;\" width=\"30\" height=\"30\" \/><\/a><\/div>\n<div style=\"float: left; width: 80%; height: auto; padding: 0 20px;\">\n<h4>Tous les modules de ce cours<\/h4>\n<div style=\"float: left; text-align: center; width: 120px;\">\n<p><a href=\"http:\/\/blog.senat.fr\/moocs\/le-bicamerisme\/les-fondements-du-bicamerisme-a-la-francaise\/les-fondements-du-bicamerisme-a-la-francaise-12\/\"><img loading=\"lazy\" decoding=\"async\" class=\"alignleft wp-image-977 size-full\" title=\"Jean Gicquel\" src=\"http:\/\/blog.senat.fr\/moocs\/wp-content\/uploads\/sites\/4\/2017\/02\/tn-jean-gicquel.png\" width=\"100\" height=\"67\" \/><\/a><\/p>\n<\/div>\n<div style=\"float: left; text-align: center; width: 120px;\">\n<p><a href=\"http:\/\/blog.senat.fr\/moocs\/le-bicamerisme\/les-fondements-du-bicamerisme-a-la-francaise\/les-fondements-du-bicamerisme-a-la-francaise-22\/\"><img loading=\"lazy\" decoding=\"async\" class=\"alignleft wp-image-979 size-full\" title=\"Jean-Louis H\u00e9rin\" src=\"http:\/\/blog.senat.fr\/moocs\/wp-content\/uploads\/sites\/4\/2017\/02\/tn-jean-louis-herin.png\" width=\"100\" height=\"67\" \/><\/a><\/p>\n<\/div>\n<div style=\"float: left; width: 10%; height: auto; padding: 0 20px; text-align: right;\"><\/div>\n<\/div>\n","protected":false},"excerpt":{"rendered":"<p>M. Jean-Louis H\u00e9rin Secr\u00e9taire g\u00e9n\u00e9ral du S\u00e9nat &nbsp; &nbsp; Tous les modules de ce cours<\/p>\n","protected":false},"author":1,"featured_media":0,"parent":77,"menu_order":2,"comment_status":"closed","ping_status":"closed","template":"full-width.php","meta":{"footnotes":""},"class_list":["post-526","page","type-page","status-publish","hentry"],"_links":{"self":[{"href":"https:\/\/blog.senat.fr\/moocs\/wp-json\/wp\/v2\/pages\/526","targetHints":{"allow":["GET"]}}],"collection":[{"href":"https:\/\/blog.senat.fr\/moocs\/wp-json\/wp\/v2\/pages"}],"about":[{"href":"https:\/\/blog.senat.fr\/moocs\/wp-json\/wp\/v2\/types\/page"}],"author":[{"embeddable":true,"href":"https:\/\/blog.senat.fr\/moocs\/wp-json\/wp\/v2\/users\/1"}],"replies":[{"embeddable":true,"href":"https:\/\/blog.senat.fr\/moocs\/wp-json\/wp\/v2\/comments?post=526"}],"version-history":[{"count":16,"href":"https:\/\/blog.senat.fr\/moocs\/wp-json\/wp\/v2\/pages\/526\/revisions"}],"predecessor-version":[{"id":1412,"href":"https:\/\/blog.senat.fr\/moocs\/wp-json\/wp\/v2\/pages\/526\/revisions\/1412"}],"up":[{"embeddable":true,"href":"https:\/\/blog.senat.fr\/moocs\/wp-json\/wp\/v2\/pages\/77"}],"wp:attachment":[{"href":"https:\/\/blog.senat.fr\/moocs\/wp-json\/wp\/v2\/media?parent=526"}],"curies":[{"name":"wp","href":"https:\/\/api.w.org\/{rel}","templated":true}]}}