{"id":2157,"date":"2023-04-03T11:15:45","date_gmt":"2023-04-03T09:15:45","guid":{"rendered":"https:\/\/blog.senat.fr\/moocs\/?page_id=2157"},"modified":"2023-06-05T15:09:13","modified_gmt":"2023-06-05T13:09:13","slug":"mentions-legales","status":"publish","type":"page","link":"https:\/\/blog.senat.fr\/moocs\/mentions-legales\/","title":{"rendered":"Mentions l\u00e9gales"},"content":{"rendered":"\n<p>Directeur de la publication : M. \u00c9ric Tavernier, Secr\u00e9taire g\u00e9n\u00e9ral du S\u00e9nat.<\/p>\n\n\n\n<h2 class=\"wp-block-heading\">Protection des donn\u00e9es personnelles<\/h2>\n\n\n\n<p>Lors de votre navigation sur le site internet \u00ab&nbsp;Le S\u00e9nat pour tous\u00bb et dans le cadre de son utilisation, certaines de vos donn\u00e9es personnelles peuvent \u00eatre collect\u00e9es et trait\u00e9es. Elles le sont dans le respect de la r\u00e9glementation en vigueur, en particulier le R\u00e8glement (UE) 2016\/679 du Parlement europ\u00e9en et du Conseil du 27 avril 2016 relatif \u00e0 la protection des personnes physiques \u00e0 l\u2019\u00e9gard du traitement des donn\u00e9es \u00e0 caract\u00e8re personnel et \u00e0 la libre circulation de ces donn\u00e9es (r\u00e8glement g\u00e9n\u00e9ral sur la protection des donn\u00e9es, ci-apr\u00e8s \u00abRGPD\u00bb) ainsi que la loi&nbsp;n\u00b078-17 du 6 janvier 1978 modifi\u00e9e relative \u00e0 l\u2019informatique, aux fichiers et aux libert\u00e9s dite loi \u00ab Informatique et Libert\u00e9s \u00bb.<\/p>\n\n\n\n<p>Ce site internet, mis en \u0153uvre par le S\u00e9nat en tant que responsable de traitement, a pour objectif de proposer des cours en ligne, ouverts \u00e0 tous, et notamment au public \u00e9tudiant, visant \u00e0 mieux faire connaitre la place du S\u00e9nat dans les institutions de la V<sup>\u00e8me<\/sup> R\u00e9publique.<\/p>\n\n\n\n<p>Le site internet \u00ab&nbsp;Le S\u00e9nat pour tous&nbsp;\u00bb constitue un traitement de donn\u00e9es \u00e0 caract\u00e8re personnel mis en \u0153uvre par le S\u00e9nat dans le cadre de l\u2019exercice d\u2019une mission d\u2019int\u00e9r\u00eat public au sens du \u00ab\u00a0e)\u00a0\u00bb de l\u2019article 6 du r\u00e8glement (UE) 2016\/679 du Parlement europ\u00e9en et du Conseil du 27 avril 2016 sur la protection des donn\u00e9es (RGPD).<\/p>\n\n\n\n<p>Les seules donn\u00e9es personnelles pouvant \u00eatre collect\u00e9es sont les donn\u00e9es techniques d&rsquo;acc\u00e8s au site (date et heure d\u2019acc\u00e8s, adresse IP). Ces donn\u00e9es sont conserv\u00e9es pendant un an pour des raisons l\u00e9gales et li\u00e9es \u00e0 la s\u00e9curit\u00e9 des syst\u00e8mes d&rsquo;information. Seuls les administrateurs syst\u00e8me de la Direction des syst\u00e8mes d\u2019information du S\u00e9nat peuvent y acc\u00e9der.<\/p>\n\n\n\n<h2 class=\"wp-block-heading\">\u00c0 propos des cookies<\/h2>\n\n\n\n<h5 class=\"wp-block-heading\"><\/h5>\n\n\n\n<p>Un cookie est un fichier texte d\u00e9pos\u00e9 sur votre ordinateur lors de la visite d&rsquo;un site ou de la consultation d&rsquo;une publicit\u00e9. Il a pour but de collecter des informations relatives \u00e0 votre navigation et de vous adresser des services adapt\u00e9s \u00e0 votre terminal (ordinateur, mobile ou tablette).<\/p>\n\n\n\n<p><\/p>\n\n\n\n<h2 class=\"wp-block-heading\">Cookies internes n\u00e9cessaires au site pour fonctionner<\/h2>\n\n\n\n<p>Le site \u00ab Le S\u00e9nat pour tous \u00bb utilise un cookie strictement n\u00e9cessaire au fonctionnement du site qui ne peut \u00eatre d\u00e9sactiv\u00e9 :<\/p>\n\n\n\n<figure class=\"wp-block-table\"><table><tbody><tr><td>Nom du cookie<\/td><td>Finalit\u00e9<\/td><td>Dur\u00e9e de conservation<\/td><\/tr><tr><td>BIGipServer~LB~Pool_http_www-extranet<\/td><td>Cookie utilis\u00e9 pour la gestion de la charge sur les serveurs. Permet de s&rsquo;assurer que l&rsquo;utilisateur est connect\u00e9 au bon serveur dans l&rsquo;infrastructure<\/td><td>Session<\/td><\/tr><\/tbody><\/table><\/figure>\n\n\n\n<p><\/p>\n\n\n\n<h2 class=\"wp-block-heading\">Cookies tiers destin\u00e9s \u00e0 am\u00e9liorer l\u2019interactivit\u00e9 du site<\/h2>\n\n\n\n<p>Des cookies peuvent \u00e9galement \u00eatre \u00e9mis sur le site \u00ab&nbsp;Le S\u00e9nat pour tous&nbsp;\u00bb via des applications de tiers. Ces fonctionnalit\u00e9s d\u00e9posent des cookies permettant aux tiers d\u2019identifier les sites que vous consultez et les contenus auxquels vous vous int\u00e9ressez.&nbsp;<\/p>\n\n\n\n<figure class=\"wp-block-table\"><table><tbody><tr><td>Nom du cookie<\/td><td>Finalit\u00e9<\/td><td>Dur\u00e9e de conservation<\/td><\/tr><tr><td>Dailymotion<\/td><td>Permettre aux utilisateurs du site de visionner et de partager des vid\u00e9os sur Dailymotion.<\/td><td><a href=\"https:\/\/legal.dailymotion.com\/fr\/politique-de-confidentialite\/\">Politique de confidentialit\u00e9 de Dailymotion<\/a><\/td><\/tr><\/tbody><\/table><\/figure>\n\n\n\n<p>Vous pouvez acc\u00e9der aux donn\u00e9es vous concernant, les rectifier, exercer votre droit \u00e0 la limitation, demander leur effacement ou vous opposer \u00e0 leur collecte dans certains cas pr\u00e9cis en vous adressant au <strong>D\u00e9l\u00e9gu\u00e9 \u00e0 la protection des donn\u00e9es du S\u00e9nat<\/strong> :<\/p>\n\n\n\n<p>Par mail : <a href=\"mailto:dpd@senat.fr\">dpd@senat.fr<\/a><\/p>\n\n\n\n<p>Par courrier : <\/p>\n\n\n\n<p>S\u00e9nat<br>\u00c0 l\u2019attention du d\u00e9l\u00e9gu\u00e9 \u00e0 la protection des donn\u00e9es (DPD)<br>15, rue de Vaugirard<br>75291 PARIS CEDEX 06<\/p>\n\n\n\n<p>Nous vous invitons \u00e0 joindre \u00e0 votre demande toute pi\u00e8ce permettant de justifier votre identit\u00e9 et le bien-fond\u00e9 de votre demande.<\/p>\n\n\n\n<p>Si vous estimez, m\u00eame apr\u00e8s avoir introduit une r\u00e9clamation aupr\u00e8s du S\u00e9nat, que vos droits en mati\u00e8re de protection des donn\u00e9es \u00e0 caract\u00e8re personnel ne sont pas respect\u00e9s, vous avez la possibilit\u00e9 d\u2019introduire une r\u00e9clamation aupr\u00e8s de la CNIL \u00e0 l\u2019adresse suivante : 3 place de Fontenoy \u2013 TSA 80715 \u2013 75334 Paris Cedex 07.<\/p>\n","protected":false},"excerpt":{"rendered":"<p>Directeur de la publication : M. \u00c9ric Tavernier, Secr\u00e9taire g\u00e9n\u00e9ral du S\u00e9nat. Protection des donn\u00e9es personnelles Lors de votre navigation&#8230;  <a class=\"excerpt-read-more\" href=\"https:\/\/blog.senat.fr\/moocs\/mentions-legales\/\" title=\"Read Mentions l\u00e9gales\">Read more &raquo;<\/a><\/p>\n","protected":false},"author":1,"featured_media":0,"parent":0,"menu_order":0,"comment_status":"closed","ping_status":"closed","template":"","meta":{"footnotes":""},"class_list":["post-2157","page","type-page","status-publish","hentry"],"_links":{"self":[{"href":"https:\/\/blog.senat.fr\/moocs\/wp-json\/wp\/v2\/pages\/2157","targetHints":{"allow":["GET"]}}],"collection":[{"href":"https:\/\/blog.senat.fr\/moocs\/wp-json\/wp\/v2\/pages"}],"about":[{"href":"https:\/\/blog.senat.fr\/moocs\/wp-json\/wp\/v2\/types\/page"}],"author":[{"embeddable":true,"href":"https:\/\/blog.senat.fr\/moocs\/wp-json\/wp\/v2\/users\/1"}],"replies":[{"embeddable":true,"href":"https:\/\/blog.senat.fr\/moocs\/wp-json\/wp\/v2\/comments?post=2157"}],"version-history":[{"count":6,"href":"https:\/\/blog.senat.fr\/moocs\/wp-json\/wp\/v2\/pages\/2157\/revisions"}],"predecessor-version":[{"id":2164,"href":"https:\/\/blog.senat.fr\/moocs\/wp-json\/wp\/v2\/pages\/2157\/revisions\/2164"}],"wp:attachment":[{"href":"https:\/\/blog.senat.fr\/moocs\/wp-json\/wp\/v2\/media?parent=2157"}],"curies":[{"name":"wp","href":"https:\/\/api.w.org\/{rel}","templated":true}]}}