{"id":1258,"date":"2017-02-22T15:19:34","date_gmt":"2017-02-22T14:19:34","guid":{"rendered":"http:\/\/blog.senat.fr\/moocs\/?page_id=1258"},"modified":"2024-03-04T17:24:38","modified_gmt":"2024-03-04T16:24:38","slug":"les-lois-de-finances-12","status":"publish","type":"page","link":"https:\/\/blog.senat.fr\/moocs\/la-fonction-legislative\/les-lois-de-finances\/les-lois-de-finances-12\/","title":{"rendered":"Les lois de finances et leur examen par le S\u00e9nat"},"content":{"rendered":"<div style=\"float: left; width: 70%; height: auto; padding: 0 20px;\"><iframe\n\t\t\t\t\t\t\t\tsrc=\"https:\/\/videos.senat.fr\/iframe.4422841_65e0a4833fb06\"\n\t\t\t\t\t\t\t\twidth=\"640\" height=\"500\"\n\t\t\t\t\t\t\t\tframeborder=\"0\"\n\t\t\t\t\t\t\t\tallowfullscreen=\"true\"\n\t\t\t\t\t\t\t\tscrolling=\"no\"><\/iframe><\/div>\n<div style=\"float: left; width: 30%; padding: 0 10px;\">\n<h3>M. Emmanuel Triboulet<\/h3>\n<h4>chef du service de la commission des Finances<\/h4>\n<\/div>\n<div style=\"clear: both;\"><\/div>\n<div style=\"border-radius: 25px; background: #eeeded; padding: 25px; font-size: 0.9em; line-height: 1.2em;\">\n<h3>Plan du cours<\/h3>\n<p>Par la loi de finances annuelle, le Parlement donne au pouvoir ex\u00e9cutif les moyens de Gouverner le pays \u2022 Son examen par le Parlement s\u2019inscrit dans un cycle budg\u00e9taire \u2022 Un texte \u00e0 la rencontre de l\u2019\u00e9conomique et du juridique \u2022 Une forme et un contenu tr\u00e8s norm\u00e9s \u2022 Un texte dont les annexes apportent une masse consid\u00e9rable d\u2019information sur la mise en \u0153uvre de l\u2019action publique \u2022 Un texte transversal dont l\u2019examen mobilise les assembl\u00e9es tout enti\u00e8res \u2022 Des r\u00e8gles d\u2019examen con\u00e7ues pour assurer la continuit\u00e9 de l\u2019Etat en toute circonstance \u2022 Objet d\u2019un examen approfondi par les commissions \u2022 Un examen organis\u00e9 selon des r\u00e8gles codifi\u00e9es \u2022 Une souplesse d\u2019ex\u00e9cution, sous le contr\u00f4le du Parlement.<\/p>\n<\/div>\n<hr style=\"width: 80%; color: #c9a96e;\" \/>\n<div style=\"float: left; width: 10%; height: auto; padding: 0 20px; text-align: left;\"><a href=\"http:\/\/blog.senat.fr\/moocs\/la-fonction-legislative\/\"><img loading=\"lazy\" decoding=\"async\" class=\"alignleft wp-image-451 size-full\" title=\"Retour \u00e0 la page &quot;la fonction l\u00e9gislative&quot;\" src=\"http:\/\/blog.senat.fr\/moocs\/wp-content\/uploads\/sites\/4\/2017\/01\/previous-1.png\" alt=\"Retour \u00e0 la page &quot;la fonction l\u00e9gislative&quot;\" width=\"30\" height=\"30\" \/><\/a><\/div>\n<div style=\"float: left; width: 80%; height: auto; padding: 0 20px;\">\n<h4>Tous les modules de ce cours<\/h4>\n<div style=\"float: left; text-align: center; width: 120px;\">\n<p><a href=\"http:\/\/blog.senat.fr\/moocs\/la-fonction-legislative\/les-lois-de-finances\/les-lois-de-finances-12\/\"><img loading=\"lazy\" decoding=\"async\" class=\"alignleft wp-image-962 size-full\" title=\"Emmanuel Triboulet\" src=\"http:\/\/blog.senat.fr\/moocs\/wp-content\/uploads\/sites\/4\/2017\/02\/tn-emmanuel-triboulet.png\" width=\"100\" height=\"67\" \/><\/a><\/p>\n<\/div>\n<div style=\"float: left; text-align: center; width: 120px;\"><\/div>\n<\/div>\n<div style=\"float: left; width: 10%; height: auto; padding: 0 20px; text-align: right;\"><\/div>\n","protected":false},"excerpt":{"rendered":"<p>M. Emmanuel Triboulet chef du service de la commission des Finances Plan du cours Par la loi de finances annuelle,&#8230;  <a class=\"excerpt-read-more\" href=\"https:\/\/blog.senat.fr\/moocs\/la-fonction-legislative\/les-lois-de-finances\/les-lois-de-finances-12\/\" title=\"Read Les lois de finances et leur examen par le S\u00e9nat\">Read more &raquo;<\/a><\/p>\n","protected":false},"author":1,"featured_media":0,"parent":119,"menu_order":1,"comment_status":"closed","ping_status":"closed","template":"full-width.php","meta":{"footnotes":""},"class_list":["post-1258","page","type-page","status-publish","hentry"],"_links":{"self":[{"href":"https:\/\/blog.senat.fr\/moocs\/wp-json\/wp\/v2\/pages\/1258","targetHints":{"allow":["GET"]}}],"collection":[{"href":"https:\/\/blog.senat.fr\/moocs\/wp-json\/wp\/v2\/pages"}],"about":[{"href":"https:\/\/blog.senat.fr\/moocs\/wp-json\/wp\/v2\/types\/page"}],"author":[{"embeddable":true,"href":"https:\/\/blog.senat.fr\/moocs\/wp-json\/wp\/v2\/users\/1"}],"replies":[{"embeddable":true,"href":"https:\/\/blog.senat.fr\/moocs\/wp-json\/wp\/v2\/comments?post=1258"}],"version-history":[{"count":9,"href":"https:\/\/blog.senat.fr\/moocs\/wp-json\/wp\/v2\/pages\/1258\/revisions"}],"predecessor-version":[{"id":2245,"href":"https:\/\/blog.senat.fr\/moocs\/wp-json\/wp\/v2\/pages\/1258\/revisions\/2245"}],"up":[{"embeddable":true,"href":"https:\/\/blog.senat.fr\/moocs\/wp-json\/wp\/v2\/pages\/119"}],"wp:attachment":[{"href":"https:\/\/blog.senat.fr\/moocs\/wp-json\/wp\/v2\/media?parent=1258"}],"curies":[{"name":"wp","href":"https:\/\/api.w.org\/{rel}","templated":true}]}}