{"id":1205,"date":"2017-02-22T14:51:57","date_gmt":"2017-02-22T13:51:57","guid":{"rendered":"http:\/\/blog.senat.fr\/moocs\/?page_id=1205"},"modified":"2024-03-04T16:51:07","modified_gmt":"2024-03-04T15:51:07","slug":"le-role-legislatif-du-parlement-le-domaine-de-la-loi-13","status":"publish","type":"page","link":"https:\/\/blog.senat.fr\/moocs\/la-fonction-legislative\/le-role-legislatif-du-parlement-le-domaine-de-la-loi\/le-role-legislatif-du-parlement-le-domaine-de-la-loi-13\/","title":{"rendered":"Le r\u00f4le l\u00e9gislatif du Parlement, le domaine de la loi"},"content":{"rendered":"<div style=\"float: left; width: 70%; height: auto; padding: 0 20px;\"><iframe\n\t\t\t\t\t\t\t\tsrc=\"https:\/\/videos.senat.fr\/iframe.4422647_65e0a40d79359\"\n\t\t\t\t\t\t\t\twidth=\"640\" height=\"500\"\n\t\t\t\t\t\t\t\tframeborder=\"0\"\n\t\t\t\t\t\t\t\tallowfullscreen=\"true\"\n\t\t\t\t\t\t\t\tscrolling=\"no\"><\/iframe><\/div>\n<div style=\"float: left; width: 30%; padding: 0 10px;\">\n<h3>M. Pascal Jan<\/h3>\n<h4>professeur des Universit\u00e9s, Institut d\u2019\u00e9tudes politiques de Bordeaux<\/h4>\n<\/div>\n<div style=\"clear: both;\"><\/div>\n<div style=\"border-radius: 25px; background: #eeeded; padding: 25px; font-size: 0.9em; line-height: 1.2em;\">\n<p>Agr\u00e9g\u00e9 de droit public, professeur des universit\u00e9s, Pascal Jan enseigne le droit constitutionnel, les libert\u00e9s et droits fondamentaux et les finances publiques \u00e0 l&rsquo;Institut d&rsquo;\u00e9tudes politiques de Bordeaux, dont il a dirig\u00e9 le centre de pr\u00e9paration au concours de l&rsquo;\u00c9cole nationale d&rsquo;administration entre 2004 et 2013.<\/p>\n<\/div>\n<div style=\"border-radius: 25px; background: #eeeded; padding: 25px; font-size: 0.9em; line-height: 1.2em;\">\n<h3>Plan du cours<\/h3>\n<p>La limitation du domaine de la loi dans la Constitution de la Ve R\u00e9publique \u2022 Les garanties apport\u00e9es \u00e0 la limitation du domaine de la loi \u2022 L\u2019extension continue du domaine de la loi \u2022 Les effets de l\u2019extension du domaine de la loi.<\/p>\n<\/div>\n<hr style=\"width: 80%; color: #c9a96e;\" \/>\n<div style=\"float: left; width: 10%; height: auto; padding: 0 20px; text-align: left;\"><a href=\"http:\/\/blog.senat.fr\/moocs\/la-fonction-legislative\/\"><img loading=\"lazy\" decoding=\"async\" class=\"alignleft wp-image-451 size-full\" title=\"Retour \u00e0 la page &quot;la fonction l\u00e9gislative&quot;\" src=\"http:\/\/blog.senat.fr\/moocs\/wp-content\/uploads\/sites\/4\/2017\/01\/previous-1.png\" alt=\"Retour \u00e0 la page &quot;la fonction l\u00e9gislative&quot;\" width=\"30\" height=\"30\" \/><\/a><\/div>\n<div style=\"float: left; width: 80%; height: auto; padding: 0 20px;\">\n<h4>Tous les modules de ce cours<\/h4>\n<div style=\"float: left; text-align: center; width: 120px;\">\n<p><a href=\"http:\/\/blog.senat.fr\/moocs\/la-fonction-legislative\/le-role-legislatif-du-parlement-le-domaine-de-la-loi\/le-role-legislatif-du-parlement-le-domaine-de-la-loi-13\/\"><img loading=\"lazy\" decoding=\"async\" class=\"alignleft wp-image-989 size-full\" title=\"Pascal Jan\" src=\"http:\/\/blog.senat.fr\/moocs\/wp-content\/uploads\/sites\/4\/2017\/02\/tn-pascal-jan.png\" width=\"100\" height=\"67\" \/><\/a><\/p>\n<\/div>\n<div style=\"float: left; text-align: center; width: 120px;\">\n<p><a href=\"http:\/\/blog.senat.fr\/moocs\/la-fonction-legislative\/le-role-legislatif-du-parlement-le-domaine-de-la-loi\/le-role-legislatif-du-parlement-le-domaine-de-la-loi-33\/\"><img loading=\"lazy\" decoding=\"async\" class=\"alignleft wp-image-979 size-full\" title=\"Jean-Louis H\u00e9rin\" src=\"http:\/\/blog.senat.fr\/moocs\/wp-content\/uploads\/sites\/4\/2017\/02\/tn-jean-louis-herin.png\" width=\"100\" height=\"67\" \/><\/a><\/p>\n<\/div>\n<\/div>\n<div style=\"float: left; width: 10%; height: auto; padding: 0 20px; text-align: right;\"><\/div>\n","protected":false},"excerpt":{"rendered":"<p>M. Pascal Jan professeur des Universit\u00e9s, Institut d\u2019\u00e9tudes politiques de Bordeaux Agr\u00e9g\u00e9 de droit public, professeur des universit\u00e9s, Pascal Jan&#8230;  <a class=\"excerpt-read-more\" href=\"https:\/\/blog.senat.fr\/moocs\/la-fonction-legislative\/le-role-legislatif-du-parlement-le-domaine-de-la-loi\/le-role-legislatif-du-parlement-le-domaine-de-la-loi-13\/\" title=\"Read Le r\u00f4le l\u00e9gislatif du Parlement, le domaine de la loi\">Read more &raquo;<\/a><\/p>\n","protected":false},"author":1,"featured_media":0,"parent":100,"menu_order":1,"comment_status":"closed","ping_status":"closed","template":"full-width.php","meta":{"footnotes":""},"class_list":["post-1205","page","type-page","status-publish","hentry"],"_links":{"self":[{"href":"https:\/\/blog.senat.fr\/moocs\/wp-json\/wp\/v2\/pages\/1205","targetHints":{"allow":["GET"]}}],"collection":[{"href":"https:\/\/blog.senat.fr\/moocs\/wp-json\/wp\/v2\/pages"}],"about":[{"href":"https:\/\/blog.senat.fr\/moocs\/wp-json\/wp\/v2\/types\/page"}],"author":[{"embeddable":true,"href":"https:\/\/blog.senat.fr\/moocs\/wp-json\/wp\/v2\/users\/1"}],"replies":[{"embeddable":true,"href":"https:\/\/blog.senat.fr\/moocs\/wp-json\/wp\/v2\/comments?post=1205"}],"version-history":[{"count":9,"href":"https:\/\/blog.senat.fr\/moocs\/wp-json\/wp\/v2\/pages\/1205\/revisions"}],"predecessor-version":[{"id":2235,"href":"https:\/\/blog.senat.fr\/moocs\/wp-json\/wp\/v2\/pages\/1205\/revisions\/2235"}],"up":[{"embeddable":true,"href":"https:\/\/blog.senat.fr\/moocs\/wp-json\/wp\/v2\/pages\/100"}],"wp:attachment":[{"href":"https:\/\/blog.senat.fr\/moocs\/wp-json\/wp\/v2\/media?parent=1205"}],"curies":[{"name":"wp","href":"https:\/\/api.w.org\/{rel}","templated":true}]}}