{"id":4,"date":"2015-05-12T17:18:06","date_gmt":"2015-05-12T15:18:06","guid":{"rendered":"http:\/\/blog.senat.fr\/cdp21\/?page_id=4"},"modified":"2017-10-30T15:20:41","modified_gmt":"2017-10-30T14:20:41","slug":"participez","status":"publish","type":"page","link":"https:\/\/blog.senat.fr\/cdp21\/participez\/","title":{"rendered":"Participez"},"content":{"rendered":"<p>Contribuez \u00e0 la r\u00e9flexion du S\u00e9nat sur la lutte contre le changement climatique et la pr\u00e9paration de la Conf\u00e9rence Paris Climat 2015. <\/p>\n","protected":false},"excerpt":{"rendered":"<p>Contribuez \u00e0 la r\u00e9flexion du S\u00e9nat sur la lutte contre le changement climatique et la pr\u00e9paration de la Conf\u00e9rence Paris Climat 2015.<\/p>\n","protected":false},"author":1,"featured_media":0,"parent":0,"menu_order":1,"comment_status":"closed","ping_status":"closed","template":"","meta":{"footnotes":""},"class_list":["post-4","page","type-page","status-publish","hentry"],"_links":{"self":[{"href":"https:\/\/blog.senat.fr\/cdp21\/wp-json\/wp\/v2\/pages\/4","targetHints":{"allow":["GET"]}}],"collection":[{"href":"https:\/\/blog.senat.fr\/cdp21\/wp-json\/wp\/v2\/pages"}],"about":[{"href":"https:\/\/blog.senat.fr\/cdp21\/wp-json\/wp\/v2\/types\/page"}],"author":[{"embeddable":true,"href":"https:\/\/blog.senat.fr\/cdp21\/wp-json\/wp\/v2\/users\/1"}],"replies":[{"embeddable":true,"href":"https:\/\/blog.senat.fr\/cdp21\/wp-json\/wp\/v2\/comments?post=4"}],"version-history":[{"count":4,"href":"https:\/\/blog.senat.fr\/cdp21\/wp-json\/wp\/v2\/pages\/4\/revisions"}],"predecessor-version":[{"id":196,"href":"https:\/\/blog.senat.fr\/cdp21\/wp-json\/wp\/v2\/pages\/4\/revisions\/196"}],"wp:attachment":[{"href":"https:\/\/blog.senat.fr\/cdp21\/wp-json\/wp\/v2\/media?parent=4"}],"curies":[{"name":"wp","href":"https:\/\/api.w.org\/{rel}","templated":true}]}}

<p>Contribuez à la réflexion du Sénat sur la lutte contre le changement climatique et la préparation de la Conférence Paris Climat 2015. </p>

<p>Contribuez à la réflexion du Sénat sur la lutte contre le changement climatique et la préparation de la Conférence Paris Climat 2015.</p>
