{"id":19,"date":"2015-05-13T08:55:45","date_gmt":"2015-05-13T06:55:45","guid":{"rendered":"http:\/\/blog.senat.fr\/cdp21\/?page_id=19"},"modified":"2023-06-05T16:06:22","modified_gmt":"2023-06-05T14:06:22","slug":"charte-de-moderation","status":"publish","type":"page","link":"https:\/\/blog.senat.fr\/cdp21\/charte-de-moderation\/","title":{"rendered":"Charte de mod\u00e9ration"},"content":{"rendered":"<p>Chers internautes,<\/p>\n<p>Ce blog est mod\u00e9r\u00e9. Votre contribution ne s\u2019affichera pas imm\u00e9diatement. Si nous sommes attach\u00e9s \u00e0 la libre expression des opinions de chacun, nous devons vous informer que ne seront pas publi\u00e9s les messages :<br \/>&#8211; sans lien avec l\u2019objet de ce blog ;<br \/>&#8211; dont le contenu pr\u00e9sente un caract\u00e8re publicitaire ou commercial ;<br \/>&#8211; qui contiennent des propos injurieux ou diffamatoires ;<br \/>&#8211; qui comportent des attaques ou insinuations discriminatoires ;<br \/>&#8211; qui pr\u00e9sentent un caract\u00e8re obsc\u00e8ne ou pornographique.<\/p>\n<p>Les contributions, qui peuvent \u00eatre anonymes ou sign\u00e9es, \u00e9ventuellement avec un pseudonyme, n\u2019engagent bien s\u00fbr que leur auteur.<\/p>\n<p>Pour poster une contribution, cliquez sur le lien \u00ab commentaires \u00bb de chaque article et remplissez le formulaire propos\u00e9, en indiquant votre nom ou votre pseudonyme et votre adresse \u00e9lectronique. Vous recevrez aussit\u00f4t un message de validation. Vous pouvez enregistrer ces informations pour ne pas avoir \u00e0 les saisir \u00e0 nouveau lors de l\u2019envoi de commentaires ult\u00e9rieurs. L\u2019identit\u00e9 que vous indiquerez sera publi\u00e9e avec votre contribution.<br \/>Vous pouvez \u00e9crire au mod\u00e9rateur afin que vos commentaires soient rendus anonymes ou pour lui poser des questions relatives au fonctionnement du blog.<\/p>\n<h2>Mentions l\u00e9gales<\/h2>\n\n\n<p>Directeur de la publication : M. \u00c9ric Tavernier, Secr\u00e9taire g\u00e9n\u00e9ral du S\u00e9nat.<\/p>\n","protected":false},"excerpt":{"rendered":"<p>Chers internautes, Ce blog est mod\u00e9r\u00e9. Votre contribution ne s\u2019affichera pas imm\u00e9diatement. Si nous sommes attach\u00e9s \u00e0 la libre expression des opinions de chacun, nous devons vous informer que ne seront pas publi\u00e9s les messages :&#8211; sans lien avec l\u2019objet de ce blog ;&#8211; dont le contenu pr\u00e9sente un caract\u00e8re publicitaire ou commercial ;&#8211; qui [&hellip;]<\/p>\n","protected":false},"author":2,"featured_media":0,"parent":0,"menu_order":2,"comment_status":"closed","ping_status":"closed","template":"","meta":{"footnotes":""},"class_list":["post-19","page","type-page","status-publish","hentry"],"_links":{"self":[{"href":"https:\/\/blog.senat.fr\/cdp21\/wp-json\/wp\/v2\/pages\/19","targetHints":{"allow":["GET"]}}],"collection":[{"href":"https:\/\/blog.senat.fr\/cdp21\/wp-json\/wp\/v2\/pages"}],"about":[{"href":"https:\/\/blog.senat.fr\/cdp21\/wp-json\/wp\/v2\/types\/page"}],"author":[{"embeddable":true,"href":"https:\/\/blog.senat.fr\/cdp21\/wp-json\/wp\/v2\/users\/2"}],"replies":[{"embeddable":true,"href":"https:\/\/blog.senat.fr\/cdp21\/wp-json\/wp\/v2\/comments?post=19"}],"version-history":[{"count":6,"href":"https:\/\/blog.senat.fr\/cdp21\/wp-json\/wp\/v2\/pages\/19\/revisions"}],"predecessor-version":[{"id":764,"href":"https:\/\/blog.senat.fr\/cdp21\/wp-json\/wp\/v2\/pages\/19\/revisions\/764"}],"wp:attachment":[{"href":"https:\/\/blog.senat.fr\/cdp21\/wp-json\/wp\/v2\/media?parent=19"}],"curies":[{"name":"wp","href":"https:\/\/api.w.org\/{rel}","templated":true}]}}

Charte de modération

<p>Chers internautes,</p>
<p>Ce blog est modéré. Votre contribution ne s’affichera pas immédiatement. Si nous sommes attachés à la libre expression des opinions de chacun, nous devons vous informer que ne seront pas publiés les messages :<br />&#8211; sans lien avec l’objet de ce blog ;<br />&#8211; dont le contenu présente un caractère publicitaire ou commercial ;<br />&#8211; qui contiennent des propos injurieux ou diffamatoires ;<br />&#8211; qui comportent des attaques ou insinuations discriminatoires ;<br />&#8211; qui présentent un caractère obscène ou pornographique.</p>
<p>Les contributions, qui peuvent être anonymes ou signées, éventuellement avec un pseudonyme, n’engagent bien sûr que leur auteur.</p>
<p>Pour poster une contribution, cliquez sur le lien « commentaires » de chaque article et remplissez le formulaire proposé, en indiquant votre nom ou votre pseudonyme et votre adresse électronique. Vous recevrez aussitôt un message de validation. Vous pouvez enregistrer ces informations pour ne pas avoir à les saisir à nouveau lors de l’envoi de commentaires ultérieurs. L’identité que vous indiquerez sera publiée avec votre contribution.<br />Vous pouvez écrire au modérateur afin que vos commentaires soient rendus anonymes ou pour lui poser des questions relatives au fonctionnement du blog.</p>
<h2>Mentions légales</h2>


<p>Directeur de la publication : M. Éric Tavernier, Secrétaire général du Sénat.</p>

<p>Chers internautes, Ce blog est modéré. Votre contribution ne s’affichera pas immédiatement. Si nous sommes attachés à la libre expression des opinions de chacun, nous devons vous informer que ne seront pas publiés les messages :&#8211; sans lien avec l’objet de ce blog ;&#8211; dont le contenu présente un caractère publicitaire ou commercial ;&#8211; qui [&hellip;]</p>
