{"id":17,"date":"2015-05-13T08:55:08","date_gmt":"2015-05-13T06:55:08","guid":{"rendered":"http:\/\/blog.senat.fr\/cdp21\/?page_id=17"},"modified":"2015-12-04T12:59:16","modified_gmt":"2015-12-04T11:59:16","slug":"agenda","status":"publish","type":"page","link":"https:\/\/blog.senat.fr\/cdp21\/agenda\/","title":{"rendered":"Agenda"},"content":{"rendered":"<ul>\n<li><strong>5 et 6 d\u00e9cembre 2015<\/strong> : <strong>r\u00e9union de l&rsquo;Union Inter-Parlementaire<\/strong> \u00e0 l&rsquo;occasion de la Conf\u00e9rence des Nations Unies sur les changements climatiques et de la CdP\/COP21. La r\u00e9union parlementaire aura lieu \u00e0 l&rsquo;Assembl\u00e9e nationale le 5 d\u00e9cembre et le dimanche 6 d\u00e9cembre au S\u00e9nat. <a href=\"http:\/\/blog.senat.fr\/cdp21\/reunion-de-lunion-inter-parlementaire-5-6112015\/\">En savoir plus<\/a><\/li>\n<\/ul>\n<ul>\n<li><strong>24 novembre 2015<\/strong> : <strong>\u00ab\u00a0la strat\u00e9gie pour la biomasse en France : un pas vers la bio\u00e9conomie\u00a0\u00bb <\/strong>pr\u00e9sentation des conclusions relatives \u00e0 l&rsquo;audition publique du 25 juin 2015 fait par M. le S\u00e9nateur <a href=\"http:\/\/www.senat.fr\/senateur\/courteau_roland80013x.html\" target=\"_blank\">Roland COURTEAU<\/a> pour l&rsquo;<a href=\"http:\/\/www.senat.fr\/opecst\/index.html\" target=\"_blank\">Office Parlementaire des Choix Scientifiques et Technologiques<\/a> (\u00e0 l&rsquo;Assembl\u00e9e nationale)<\/li>\n<\/ul>\n<ul>\n<li><strong>17 novembre 2015<\/strong> : <strong>audition de M. Miguel Arias Ca\u00f1ete<\/strong>, Commissaire europ\u00e9en charg\u00e9 de l&rsquo;action pour le climat et de l&rsquo;\u00e9nergie, conjointe aux commissions de l&rsquo;<a href=\"http:\/\/www.senat.fr\/commission\/dvpt_durable\/index.html\" target=\"_blank\">am\u00e9nagement du territoire<\/a>, des <a href=\"http:\/\/www.senat.fr\/commission\/affaires_economiques\/index.html\" target=\"_blank\">affaires \u00e9conomiques<\/a> et des <a href=\"http:\/\/www.senat.fr\/europe\/broch.html\" target=\"_blank\">affaires europ\u00e9ennes<\/a>. <a href=\"http:\/\/blog.senat.fr\/cdp21\/audition-de-m-miguel-arias-canete-commissaire-europeen-action-pour-la-climat-et-lenergie-17112015\/\">En savoir plus<\/a><\/li>\n<\/ul>\n<ul>\n<li><strong>16 novembre 2015<\/strong> : <strong>en s\u00e9ance publique<\/strong>, discussion de la \u00ab\u00a0<em><a href=\"http:\/\/www.senat.fr\/dossier-legislatif\/ppr15-140.html\" target=\"_blank\">proposition de r\u00e9solution visant \u00e0 affirmer le r\u00f4le d\u00e9terminant des territoires pour la r\u00e9ussite d&rsquo;un accord mondial ambitieux pour le climat<\/a><\/em>\u00ab\u00a0. <a href=\"http:\/\/blog.senat.fr\/cdp21\/proposition-de-resolution-visant-a-affirmer-le-role-determinant-des-territoires-pour-la-reussite-dun-accord-mondial-ambitieux-sur-le-climat\/\">En savoir plus<\/a><\/li>\n<\/ul>\n<ul>\n<li><strong>13 novembre 2015<\/strong> : <strong>audition de l&rsquo;Office Parlementaire des Choix Scientifiques et Technologiques <\/strong>(<a href=\"http:\/\/www.senat.fr\/opecst\/index.html\" target=\"_blank\">OPECST<\/a>) sur \u00ab\u00a0<strong>l&rsquo;\u00e9tat de l&rsquo;art en mati\u00e8re de mesure des \u00e9missions de particules et de polluants par les v\u00e9hicules<\/strong>. Regards crois\u00e9s\u00a0\u00bb. <a href=\"http:\/\/blog.senat.fr\/cdp21\/etat-de-lart-en-matiere-de-mesure-des-emissions-de-particules-et-de-polluants-par-les-vehicules-regards-croises-13112015\/\">En savoir plus<\/a><\/li>\n<\/ul>\n<ul>\n<li><strong>13 novembre 2015<\/strong> : <strong>d\u00e9placement en Alsace<\/strong> de la <a href=\"http:\/\/www.senat.fr\/commission\/dvpt_durable\/index.html\">Commission de l&rsquo;am\u00e9nagement du territoire et du d\u00e9veloppement durable<\/a> sur les <strong>zones de protection \u00e9cologique<\/strong><\/li>\n<\/ul>\n<ul>\n<li><strong>12 novembre 2015<\/strong> : <strong>communication\u00a0 de Mme Marie-Christine Blandin sur les travaux du groupe de travail relatif aux n\u00e9gociations internationales sur le climat et l&rsquo;environnement<\/strong>, en <a href=\"http:\/\/www.senat.fr\/commission\/cult\/index.html\" target=\"_blank\">Commission de la Culture<\/a><\/li>\n<\/ul>\n<ul>\n<li><strong>10 novembre 2015<\/strong> : <strong>le Groupe d&rsquo;\u00e9tudes sur la gestion des d\u00e9chets auditionne Mme Muriel Olivier et M. Didier Imbert<\/strong>, vice-pr\u00e9sidents de la F\u00e9d\u00e9ration nationale des activit\u00e9s de la d\u00e9pollution et de l&rsquo;environnement (<strong>FNADE<\/strong>)<\/li>\n<\/ul>\n<ul>\n<li><strong>5 novembre 2015<\/strong> : <strong>rencontre du groupe interparlementaire d&rsquo;amiti\u00e9 France &#8211; Afrique-de-l&rsquo;Ouest<\/strong> \u00ab\u00a0<a href=\"http:\/\/blog.senat.fr\/cdp21\/rencontres-les-defis-de-lafrique-face-au-changement-climatique-5112015\/\">les d\u00e9fis de l&rsquo;Afrique face au changement climatique<\/a>\u00ab\u00a0. <a href=\"http:\/\/blog.senat.fr\/cdp21\/rencontres-les-defis-de-lafrique-face-au-changement-climatique-5112015\/\">En savoir plus<\/a><\/li>\n<\/ul>\n<ul>\n<li><strong>4 novembre 2015<\/strong> : <strong>examen du projet de PPR visant \u00e0 affirmer le r\u00f4le d\u00e9terminant des territoires pour la r\u00e9ussite d&rsquo;un accord mondial ambitieux sur le climat<\/strong>. <a href=\"http:\/\/www.senat.fr\/commission\/dvpt_durable\/index.html\">Commission de l&rsquo;am\u00e9nagement du territoire et du d\u00e9veloppement durable<\/a>. <a href=\"http:\/\/blog.senat.fr\/cdp21\/proposition-de-resolution-visant-a-affirmer-le-role-determinant-des-territoires-pour-la-reussite-dun-accord-mondial-ambitieux-sur-le-climat\/\">En savoir plus<\/a><\/li>\n<\/ul>\n<ul>\n<li><strong>3 novembre &#8211; 2 d\u00e9cembre 2015<\/strong> : <a href=\"http:\/\/www.senat.fr\/evenement\/preau_saint_michel\/paris_climat_2015.html\">Exposition Paris Climat 2015<\/a> au <strong>Pr\u00e9au Saint-Michel<\/strong>. Pr\u00e9sentation des 10 affiches laur\u00e9ates du concours WWF \u00ab Creative Awards by SAXOPRINT \u00bb et de panneaux th\u00e9matiques sur les enjeux du d\u00e9r\u00e8glement climatique<\/li>\n<\/ul>\n<ul>\n<li><strong>3 novembre 2015<\/strong> : <strong>r\u00e9union commune de pr\u00e9paration de la CdP\/COP21<\/strong> des <a href=\"http:\/\/www.senat.fr\/europe\/broch.html\">commissions des Affaires europ\u00e9ennes du S\u00e9nat<\/a> et de l&rsquo;Assembl\u00e9e nationale et les membres fran\u00e7ais du Parlement europ\u00e9en<\/li>\n<\/ul>\n<ul>\n<li><strong>3 novembre 2015<\/strong> : examen et pr\u00e9sentation du <strong>rapport d&rsquo;information du groupe de travail sur la situation des outre-mer confront\u00e9s au changement climatique<\/strong>. <a href=\"http:\/\/blog.senat.fr\/cdp21\/les-outre-mer-francais-face-au-defi-climatique-une-contribution-concrete-a-lagenda-des-solutions\/\">En savoir plus<\/a><strong><br \/>\n<\/strong><\/li>\n<\/ul>\n<ul>\n<li>\n<p align=\"JUSTIFY\"><b>21 octobre 2015<\/b> : r\u00e9union du groupe d&rsquo;\u00e9tudes \u00ab\u00a0for\u00eats et fili\u00e8res bois\u00a0\u00bb de la commission des affaires \u00e9conomiques sur le \u00ab <i>financement de la for\u00eat en 2016 et avenir de la gestion foresti\u00e8re <\/i>\u00bb ;<\/p>\n<\/li>\n<li>\n<p align=\"JUSTIFY\"><b>21 octobre 2015<\/b> : audition de M. Jean-Louis BAL, pr\u00e9sident du syndicat des \u00e9nergies renouvelables par le groupe d&rsquo;\u00e9tudes de l&rsquo;\u00e9nergie de la commission des affaires \u00e9conomiques ;<\/p>\n<\/li>\n<li>\n<p align=\"JUSTIFY\"><b>13 octobre 2015<\/b> : table ronde sur \u00ab <a href=\"http:\/\/www.senat.fr\/espace_presse\/actualites\/201501\/travaux_du_senat_sur_les_effets_des_motorisations_diesel_sur_la_sante_et_lenvironnement.html\">la mesure des \u00e9missions des v\u00e9hicules \u00e0 moteur diesel<\/a> \u00bb, organis\u00e9e par la commission de l&rsquo;am\u00e9nagement du territoire et du d\u00e9veloppement durable ;<\/p>\n<\/li>\n<li>\n<p align=\"JUSTIFY\"><b>25 juin 2015<\/b>\u00a0: table ronde sur \u00ab\u00a0<i>les femmes et l\u2019environnement dans la perspective de la Conf\u00e9rence Paris Climat 2015<\/i>\u00a0\u00bb, organis\u00e9e par la d\u00e9l\u00e9gation aux droits des femmes et \u00e0 l\u2019\u00e9galit\u00e9 des chances entre les hommes et les femmes\u00a0;<\/p>\n<\/li>\n<li>\n<p align=\"JUSTIFY\"><b>11 juin 2015\u00a0: <\/b>Tables rondes sur \u00ab\u00a0<i>la biodiversit\u00e9 outre-mer<\/i>\u00a0\u00bb, co-organis\u00e9es par la d\u00e9l\u00e9gation \u00e0 l\u2019outre-mer et la commission de l\u2019am\u00e9nagement du territoire et du d\u00e9veloppement durable\u00a0;<\/p>\n<\/li>\n<li>\n<p align=\"JUSTIFY\"><b>9 juin 2015\u00a0:<\/b> <a href=\"http:\/\/www.senat.fr\/colloques\/les_incidences_du_rechauffement_climatique_sur_les_iles_du_pacifique.html\">Le changement climatique\u00a0: incidences sur les \u00eeles du Pacifique<\/a>. Ce colloque est organis\u00e9 par le groupe interparlementaire d\u2019amiti\u00e9 France-Vanuatu-Iles du Pacifique, en partenariat avec la d\u00e9l\u00e9gation permanente de la R\u00e9publique des Palaos aupr\u00e8s de l\u2019UNESCO\u00a0;<\/p>\n<\/li>\n<li>\n<p align=\"JUSTIFY\"><b>8 juin 2015\u00a0: <\/b>D\u00e9placement de la commission de l\u2019am\u00e9nagement du territoire et du d\u00e9veloppement durable en Gironde et dans les Landes, sur les th\u00e9matiques \u00ab\u00a0\u00e9rosion du littoral, \u00e9nergies marines et renouvelables et am\u00e9nagement touristique durable\u00a0\u00bb\u00a0;<\/p>\n<\/li>\n<li>\n<p align=\"JUSTIFY\"><b>4 juin 2015\u00a0:<\/b> <a href=\"http:\/\/www.senat.fr\/fileadmin\/Fichiers\/Images\/relations_internationales\/Groupes_d_amitie\/4_pages_Europe_Amerique_latine_et_Caraibe.pdf\" target=\"_blank\"><i>Europe \u2013 Am\u00e9rique latine et Cara\u00efbes\u00a0: regards crois\u00e9s sur l\u2019enjeu climatique, du local au global<\/i>.<\/a> ce colloque organis\u00e9 par le S\u00e9nat en partenariat avec l\u2019Institut des Am\u00e9riques prend place dans le cadre de la Journ\u00e9e de l\u2019Am\u00e9rique latine et des Cara\u00efbes\u00a0;<\/p>\n<\/li>\n<li>\n<p align=\"JUSTIFY\"><b>Du 31 mai au 5 juin<\/b>\u00a0: d\u00e9placement en Norv\u00e8ge de la mission de la commission des affaires \u00e9trang\u00e8res sur les cons\u00e9quences g\u00e9opolitiques du r\u00e9chauffement climatique;<\/p>\n<\/li>\n<li><strong>28 mai 2015 :<\/strong> <a href=\"http:\/\/blog.senat.fr\/cdp21\/conference-paris-climat-2015-cdpcop-21-le-senat-est-mobilise-et-a-lecoute-des-citoyens\/\">Conf\u00e9rence de presse de M. G\u00e9rard Larcher<\/a>, Pr\u00e9sident du S\u00e9nat, Herv\u00e9 Maurey, pr\u00e9sident de la commission de l\u2019am\u00e9nagement du territoire et du d\u00e9veloppement durable, et J\u00e9r\u00f4me Bignon, pr\u00e9sident du groupe de travail relatif aux n\u00e9gociations internationales sur le climat et l\u2019environnement. Pr\u00e9sentation des grandes orientations de l\u2019action du S\u00e9nat en vue de la Conf\u00e9rence Paris Climat 2015 (CDP\/COP 21)<\/li>\n<\/ul>\n<p>&nbsp;<\/p>\n","protected":false},"excerpt":{"rendered":"<p>5 et 6 d\u00e9cembre 2015 : r\u00e9union de l&rsquo;Union Inter-Parlementaire \u00e0 l&rsquo;occasion de la Conf\u00e9rence des Nations Unies sur les changements climatiques et de la CdP\/COP21. La r\u00e9union parlementaire aura lieu \u00e0 l&rsquo;Assembl\u00e9e nationale le 5 d\u00e9cembre et le dimanche 6 d\u00e9cembre au S\u00e9nat. En savoir plus 24 novembre 2015 : \u00ab\u00a0la strat\u00e9gie pour la [&hellip;]<\/p>\n","protected":false},"author":2,"featured_media":0,"parent":0,"menu_order":3,"comment_status":"closed","ping_status":"closed","template":"","meta":{"footnotes":""},"class_list":["post-17","page","type-page","status-publish","hentry"],"_links":{"self":[{"href":"https:\/\/blog.senat.fr\/cdp21\/wp-json\/wp\/v2\/pages\/17","targetHints":{"allow":["GET"]}}],"collection":[{"href":"https:\/\/blog.senat.fr\/cdp21\/wp-json\/wp\/v2\/pages"}],"about":[{"href":"https:\/\/blog.senat.fr\/cdp21\/wp-json\/wp\/v2\/types\/page"}],"author":[{"embeddable":true,"href":"https:\/\/blog.senat.fr\/cdp21\/wp-json\/wp\/v2\/users\/2"}],"replies":[{"embeddable":true,"href":"https:\/\/blog.senat.fr\/cdp21\/wp-json\/wp\/v2\/comments?post=17"}],"version-history":[{"count":35,"href":"https:\/\/blog.senat.fr\/cdp21\/wp-json\/wp\/v2\/pages\/17\/revisions"}],"predecessor-version":[{"id":677,"href":"https:\/\/blog.senat.fr\/cdp21\/wp-json\/wp\/v2\/pages\/17\/revisions\/677"}],"wp:attachment":[{"href":"https:\/\/blog.senat.fr\/cdp21\/wp-json\/wp\/v2\/media?parent=17"}],"curies":[{"name":"wp","href":"https:\/\/api.w.org\/{rel}","templated":true}]}}